2 - g + a + 0*g - 1 + 0*g. What is the tens digit of n(0)?
1
Let k = 13 + 0. What is the tens digit of k?
1
Let i = 3 - 5. Let f = 5 + i. Suppose x + 24 = f*x. What is the units digit of x?
2
Suppose 3*j - 90 = -i - 4*i, 0 = -i + 3*j + 36. What is the units digit of i/(-14)*(-8)/6?
2
Let t = 7 - 2. Let m be 20*3/6 - 4. Suppose m*i - i - t = 0. What is the units digit of i?
1
What is the tens digit of (-3)/((-3)/2) + 45?
4
Suppose 3*s - k + 8 = 0, -k = -2 - 0. Let m be s*15/12*-6. What is the units digit of 51/m - (-2)/(-5)?
3
Let s(d) = 4*d**2 + 2*d + 3. Let k be s(-2). Suppose 3*q - k = 3. What is the units digit of (20/(-6))/((-4)/q)?
5
Let d = -114 + 214. What is the tens digit of d?
0
Let w(f) = -f**2 - 3*f. Suppose 2*t + 2*t = -16. Let n be w(t). Let p(a) = -2*a. What is the units digit of p(n)?
8
Suppose -m = 2*f + 13, -3*m - 2*m + 5*f - 5 = 0. Let y = m - -10. Suppose -p + 33 = 5*d, d - p = y*d - 27. What is the units digit of d?
6
Let o(a) = -a**2 - 6*a - 3. Let h be o(-5). Suppose -h*t + 16 = -6. What is the tens digit of t?
1
Suppose -4*q + 592 = -344. What is the hundreds digit of q?
2
Let x(u) = u**3 - 5*u**2 - 4*u - 5. Let n be x(6). Suppose -2*f - 1 = -n. What is the units digit of f?
3
Let f = -1 + 2. Let n(w) = -2*w - 12. Let r be n(-9). Let k = f + r. What is the units digit of k?
7
Suppose 0 = -2*f + f + 3. Let y be 1/(0 - (-1)/f). Suppose -j - 3*k = -y, -2*j - 2*k + 30 = -4*k. What is the tens digit of j?
1
Let w = 7 - 5. What is the units digit of (w/1)/(8/12)?
3
Suppose -1 = r, -3*a + r + 35 = -r. What is the units digit of a?
1
Suppose -y = 2*s + 3*y - 52, 4*s + y - 132 = 0. What is the units digit of s?
4
Suppose 2*q - q + 33 = 5*s, 3*s = -5*q + 3. Let k = 0 + s. What is the units digit of k?
6
Suppose -15 = 3*h - 0*h. Let m = 15 - 25. Let l = h - m. What is the units digit of l?
5
Suppose 101 = -4*m + 5*o, 3*o + 6 = -2*m - 17. Let b = m + 44. Suppose b = 3*x + 2*x. What is the units digit of x?
5
Suppose -4*u = -2*k + 6*k - 200, k = -4*u + 197. What is the tens digit of u?
4
Let r(v) = v**3 - 6*v**2 + 11*v - 5. What is the tens digit of r(5)?
2
Suppose -5*m + 8*m + 3 = 0. Let i be 0 + ((-3)/m - 1). What is the units digit of 21/9 + i/3?
3
Let h(p) = -p**2 - 14*p + 8. What is the units digit of h(-7)?
7
Let m = 14 - 1. What is the tens digit of m?
1
Suppose -3*t + 3*n = -t - 48, 17 = t - 5*n. What is the tens digit of t?
2
Let x be ((-2)/(-6))/((-2)/(-30)). Let c = 3 - x. Let z = 4 + c. What is the units digit of z?
2
Suppose 0 = k - 2*b - 106, -4*k - 49 = -5*b - 488. Suppose 3*r = 2*i - 43, -i - k = -6*i - r. What is the tens digit of i?
2
Let i(w) = 33*w - 14. What is the hundreds digit of i(5)?
1
Let k be 3 + 128 + (-1 - -3). Suppose -k - 20 = -3*z. What is the units digit of z?
1
Let w be (3 - 5) + 7*1. Suppose 0 = w*g - 2*d - 60, 0 = g - d - 11 - 4. What is the tens digit of g?
1
Suppose 2*g - 45 = g. What is the tens digit of g?
4
Suppose 0 = -2*t - 8, 67 + 21 = 4*k - t. What is the units digit of (k/14)/(3/4)?
2
Let d = -82 + 124. What is the units digit of d?
2
Let j be (-3)/(-1 - (-2)/(-4)). Suppose 14 = 4*w - j*o, -3*o - 5 = 2*w - 0*o. What is the units digit of w/(2*(-3)/(-27))?
9
Suppose c + c = -n - 11, -n + 5*c = -10. Let b = -4 - n. What is the units digit of b?
1
Let u be ((-18)/(-27))/(2/876). Suppose 0 = 4*a - 3*x - u + 107, -x + 236 = 5*a. What is the units digit of a?
7
Let u(m) = m + 11. Suppose 2*k - 4*f - 51 = 7*k, 2*k + 5*f + 34 = 0. Let s be u(k). What is the units digit of (-10)/s*6/(-5)?
3
Let a = 13 + -8. Suppose -93 = -a*m - 3. Suppose -3*z + 3 + m = 0. What is the units digit of z?
7
Let f = -5 + 6. Let p = f - -4. What is the units digit of p?
5
Let u = 11 - 6. Let g = 3 + u. What is the units digit of g?
8
Suppose 3*d = d + 92. What is the tens digit of d?
4
Let d = -93 - 3. Let w = -48 - d. What is the units digit of w?
8
Suppose 2*k - 17 = -7. Suppose 0*q - q = -k*g + 12, 5*g - 6 = 3*q. Suppose 4*l = -q*n - 8, -5*n - 33 + 14 = l. What is the units digit of l?
1
Let c = 11 + -8. Suppose -3*d + 150 = c*d. What is the tens digit of d?
2
Suppose -2*b - 28 = v - b, 2*v + 60 = -3*b. Let j = v - -48. What is the units digit of ((-16)/j)/((-4)/54)?
9
Let w(h) = 3*h**2 - 2*h + 3. Let u be w(-7). What is the units digit of (u/(-6))/((-2)/3)?
1
Let f = -14 - -66. What is the tens digit of f?
5
Let f be (1 + -3 - 0) + 4. What is the units digit of ((-1)/f)/(8/(-320))?
0
Let d = -2 + 17. Suppose 2 = z - 3*m - d, 4*z + 2*m - 26 = 0. What is the units digit of z?
8
Suppose 5*a - 21 = a - 3*u, 0 = -5*a - 5*u + 30. Suppose 9 = a*z - 3. Suppose 2*c + m - 7 = 0, z*c - 2*m + 9 = 35. What is the units digit of c?
5
Suppose 2*q = 0, -5*m + 3*q = 4*q + 175. Let k = m + 60. What is the tens digit of k?
2
Suppose 6*s - 2*s = 16. Suppose -6 = -s*v + v. Suppose 3*h = v*h + 8. What is the units digit of h?
8
Let v(j) = -j**2 + 4*j + 5. Let p be v(4). Suppose -p*m + 18 - 3 = 0. Suppose m*x + 3 = s, -6 = -2*s + 3*x - 4*x. What is the units digit of s?
3
Suppose -5*t - 4*i + 475 = 0, 3*t + 4*i = 70 + 207. What is the tens digit of t?
9
Let h = 12 - 8. Let s be h*(24/(-2))/(-3). Suppose 4*x + 5*g - 65 = 0, s + 9 = 3*x - g. What is the tens digit of x?
1
Let x = 21 + -32. Let j = x - -19. What is the units digit of j?
8
What is the tens digit of (4 - 1064/6)*(-24)/20?
0
Let o = -44 - -70. Suppose -5*x + 4*x = j - o, 0 = 5*j + x - 138. What is the units digit of j?
8
Let f be 39/(-12) - 2/(-8). Let m be 54/(-12)*8/f. Let t = m - 3. What is the units digit of t?
9
Let u(b) = -2 - 9*b + 8*b + 12. Let i be u(0). Suppose y - 1 = i. What is the units digit of y?
1
Suppose -v - 3*v - t + 8 = 0, -2*t = -3*v + 6. Let p = -11 - 5. What is the units digit of (p/6)/(v/(-6))?
8
Let z = -10 - -44. What is the units digit of z?
4
Let r = 80 + -40. What is the units digit of r?
0
What is the units digit of 3 - 1*(-1 + -32)?
6
Let w(k) = 3*k + 2. Let l be w(2). Suppose -s = -u - 5*s + 2, 4*u = -3*s + l. What is the units digit of u?
2
Let k = 1 + -5. Let r = k + 4. Suppose -2*a + r = -4. What is the units digit of a?
2
Let x = 3 + 1. Let g(p) = p**3 - 4*p**2 + 2. Let i be g(x). Suppose 4 = i*c - 8. What is the units digit of c?
6
What is the units digit of ((-13)/(-39))/((-1)/(-36))?
2
What is the units digit of 2/(-7) + 1077/21?
1
Suppose -2*w + 3*j - j = -20, 0 = -w + 2*j + 11. Suppose -4*z = -w*z + 120. What is the tens digit of z?
2
Suppose 3 + 7 = 5*a. Suppose 12 = a*n - 14. What is the units digit of n?
3
Let o(s) = s + 1. Let u be o(2). Suppose 0 = 2*p - 10, -5*z + 25 = 2*p + u*p. Suppose z = 4*n - 2*q, 5*q - 4 - 18 = -n. What is the units digit of n?
2
Let x = -27 + 49. Let y = x + -1. What is the units digit of y?
1
Suppose -i - 3*i = 8. What is the tens digit of ((-5)/i)/(2/12)?
1
Let s = 334 + -203. What is the units digit of s?
1
Suppose -5*m + 209 = -51. What is the tens digit of m?
5
Let z = -3 + 4. Let k = -30 - -34. Suppose k*g - 71 = z. What is the units digit of g?
8
Suppose 0*f + 4*b = -2*f - 18, -f = 5*b + 9. What is the units digit of (-4)/(-3)*f/(-2)?
6
Let n(h) = h**3 + 12*h**2 + 5*h + 5. What is the hundreds digit of n(-10)?
1
Let i(j) = j**2 + 10*j + 10. Suppose -5*b = 3*f + 32, -3*f + b - 23 = -3*b. Let p be i(f). What is the units digit of (-3)/(p - 2)*1?
3
Let o = -6 + 9. Suppose 0 = -2*x + 23 + o. What is the tens digit of x?
1
Suppose -y = 2*y + 3. Let f = y + 5. Suppose -f*d = -9 - 11. What is the units digit of d?
5
Let w(y) = -y**3 - 6*y**2 - 6*y - 4. Let z be w(-5). Suppose -z - 2 = p. Let o = 6 + p. What is the units digit of o?
3
Let m = -15 + 26. Suppose 0 = -r - 0*r + m. What is the units digit of r?
1
Let a(r) = r**2 + r - 4. Let m be a(-5). Suppose -m*h + 19*h - 78 = 0. What is the units digit of h?
6
Suppose -79 = -2*w + 17. What is the units digit of w?
8
Suppose 0 = q + q - 12. Let t = 11 - q. Suppose 0*y + 5*o = -4*y + 7, -o = t. What is the units digit of y?
8
Let f(o) = -o**2 - 9*o + 7. What is the units digit of f(-8)?
5
Suppose -4*a - i + 12 = -8, 4*i = -3*a + 15. What is the tens digit of (6/a)/(12/210)?
2
Let m = 89 - 59. What is the units digit of m?
0
Let c = 13 + -18. Let u(w) = -3*w + 3*w - 3 - 2*w. What is the units digit of u(c)?
7
Let h = 19 - 13. Let c(l) = l**3 - 7*l**2 + 7